{"version":"1.0","provider_name":"Synagogue ACJBB Boulogne Sud","provider_url":"https:\/\/acjbb-sud.org","author_name":"AcjbbSud","author_url":"https:\/\/acjbb-sud.org\/index.php\/author\/acjbbsud\/","title":"Voyage communautaire de m\u00e9moire \u00e0 Auschwitz-Birkenau - Synagogue ACJBB Boulogne Sud","type":"rich","width":600,"height":338,"html":"<blockquote class=\"wp-embedded-content\" data-secret=\"GecTuqwTpS\"><a href=\"https:\/\/acjbb-sud.org\/index.php\/2018\/11\/05\/voyage-communautaire-memoire-auschwitz-birkenau\/\">Voyage communautaire de m\u00e9moire \u00e0 Auschwitz-Birkenau<\/a><\/blockquote><iframe sandbox=\"allow-scripts\" security=\"restricted\" src=\"https:\/\/acjbb-sud.org\/index.php\/2018\/11\/05\/voyage-communautaire-memoire-auschwitz-birkenau\/embed\/#?secret=GecTuqwTpS\" width=\"600\" height=\"338\" title=\"\u00ab\u00a0Voyage communautaire de m\u00e9moire \u00e0 Auschwitz-Birkenau\u00a0\u00bb &#8212; Synagogue ACJBB Boulogne Sud\" data-secret=\"GecTuqwTpS\" frameborder=\"0\" marginwidth=\"0\" marginheight=\"0\" scrolling=\"no\" class=\"wp-embedded-content\"><\/iframe><script type=\"text\/javascript\">\n\/* <![CDATA[ *\/\n\/*! This file is auto-generated *\/\n!function(d,l){\"use strict\";l.querySelector&&d.addEventListener&&\"undefined\"!=typeof URL&&(d.wp=d.wp||{},d.wp.receiveEmbedMessage||(d.wp.receiveEmbedMessage=function(e){var t=e.data;if((t||t.secret||t.message||t.value)&&!\/[^a-zA-Z0-9]\/.test(t.secret)){for(var s,r,n,a=l.querySelectorAll('iframe[data-secret=\"'+t.secret+'\"]'),o=l.querySelectorAll('blockquote[data-secret=\"'+t.secret+'\"]'),c=new RegExp(\"^https?:$\",\"i\"),i=0;i<o.length;i++)o[i].style.display=\"none\";for(i=0;i<a.length;i++)s=a[i],e.source===s.contentWindow&&(s.removeAttribute(\"style\"),\"height\"===t.message?(1e3<(r=parseInt(t.value,10))?r=1e3:~~r<200&&(r=200),s.height=r):\"link\"===t.message&&(r=new URL(s.getAttribute(\"src\")),n=new URL(t.value),c.test(n.protocol))&&n.host===r.host&&l.activeElement===s&&(d.top.location.href=t.value))}},d.addEventListener(\"message\",d.wp.receiveEmbedMessage,!1),l.addEventListener(\"DOMContentLoaded\",function(){for(var e,t,s=l.querySelectorAll(\"iframe.wp-embedded-content\"),r=0;r<s.length;r++)(t=(e=s[r]).getAttribute(\"data-secret\"))||(t=Math.random().toString(36).substring(2,12),e.src+=\"#?secret=\"+t,e.setAttribute(\"data-secret\",t)),e.contentWindow.postMessage({message:\"ready\",secret:t},\"*\")},!1)))}(window,document);\n\/\/# sourceURL=https:\/\/acjbb-sud.org\/wp-includes\/js\/wp-embed.min.js\n\/* ]]> *\/\n<\/script>\n","thumbnail_url":"https:\/\/acjbb-sud.org\/wp-content\/uploads\/2018\/10\/Camp-Auschwitz-Birkenau.jpg","thumbnail_width":900,"thumbnail_height":503,"description":"Vous avez \u00e9t\u00e9 tr\u00e8s nombreux \u00e0 vous pr\u00e9-inscrire pour le voyage communautaire de m\u00e9moire au Camp d&rsquo;extermination Auschwitz-Birkenau le dimanche 13 janvier 2019. Ce voyage se fera avec le Rabbin Didier Kassabi, en partenariat avec le M\u00e9morial de la Shoah. Nous pouvons donc vous confirmer que ce voyage aura lieu. Nous ne disposons cependant que &hellip; Lire la suite"}

Voyage communautaire de mémoire à Auschwitz-Birkenau - Synagogue ACJBB Boulogne Sud

<blockquote class="wp-embedded-content" data-secret="GecTuqwTpS"><a href="https://acjbb-sud.org/index.php/2018/11/05/voyage-communautaire-memoire-auschwitz-birkenau/">Voyage communautaire de mémoire à Auschwitz-Birkenau</a></blockquote><iframe sandbox="allow-scripts" security="restricted" src="https://acjbb-sud.org/index.php/2018/11/05/voyage-communautaire-memoire-auschwitz-birkenau/embed/#?secret=GecTuqwTpS" width="600" height="338" title="« Voyage communautaire de mémoire à Auschwitz-Birkenau » &#8212; Synagogue ACJBB Boulogne Sud" data-secret="GecTuqwTpS" frameborder="0" marginwidth="0" marginheight="0" scrolling="no" class="wp-embedded-content"></iframe><script type="text/javascript">
/* <![CDATA[ */
/*! This file is auto-generated */
!function(d,l){"use strict";l.querySelector&&d.addEventListener&&"undefined"!=typeof URL&&(d.wp=d.wp||{},d.wp.receiveEmbedMessage||(d.wp.receiveEmbedMessage=function(e){var t=e.data;if((t||t.secret||t.message||t.value)&&!/[^a-zA-Z0-9]/.test(t.secret)){for(var s,r,n,a=l.querySelectorAll('iframe[data-secret="'+t.secret+'"]'),o=l.querySelectorAll('blockquote[data-secret="'+t.secret+'"]'),c=new RegExp("^https?:$","i"),i=0;i<o.length;i++)o[i].style.display="none";for(i=0;i<a.length;i++)s=a[i],e.source===s.contentWindow&&(s.removeAttribute("style"),"height"===t.message?(1e3<(r=parseInt(t.value,10))?r=1e3:~~r<200&&(r=200),s.height=r):"link"===t.message&&(r=new URL(s.getAttribute("src")),n=new URL(t.value),c.test(n.protocol))&&n.host===r.host&&l.activeElement===s&&(d.top.location.href=t.value))}},d.addEventListener("message",d.wp.receiveEmbedMessage,!1),l.addEventListener("DOMContentLoaded",function(){for(var e,t,s=l.querySelectorAll("iframe.wp-embedded-content"),r=0;r<s.length;r++)(t=(e=s[r]).getAttribute("data-secret"))||(t=Math.random().toString(36).substring(2,12),e.src+="#?secret="+t,e.setAttribute("data-secret",t)),e.contentWindow.postMessage({message:"ready",secret:t},"*")},!1)))}(window,document);
//# sourceURL=https://acjbb-sud.org/wp-includes/js/wp-embed.min.js
/* ]]> */
</script>

Vous avez été très nombreux à vous pré-inscrire pour le voyage communautaire de mémoire au Camp d&rsquo;extermination Auschwitz-Birkenau le dimanche 13 janvier 2019. Ce voyage se fera avec le Rabbin Didier Kassabi, en partenariat avec le Mémorial de la Shoah. Nous pouvons donc vous confirmer que ce voyage aura lieu. Nous ne disposons cependant que &hellip; Lire la suite
