{"id":1079,"date":"2017-10-03T12:19:30","date_gmt":"2017-10-03T10:19:30","guid":{"rendered":"http:\/\/acjbb-sud.org\/wp-content\/uploads\/2017\/10\/De-la-beaut\u00e9-dans-le-juda\u00efsme-221017.jpg"},"modified":"2017-10-03T12:21:48","modified_gmt":"2017-10-03T10:21:48","slug":"de-la-beaute-dans-le-judaisme-221017","status":"inherit","type":"attachment","link":"https:\/\/acjbb-sud.org\/index.php\/2017\/10\/15\/conference-grand-rabbin-france-haim-korsia-beaute-judaisme\/de-la-beaute-dans-le-judaisme-221017\/","title":{"rendered":"De la beaut\u00e9 dans le juda\u00efsme &#8211; 221017"},"author":1,"featured_media":0,"comment_status":"open","ping_status":"closed","template":"","meta":{"jetpack_post_was_ever_published":false},"class_list":["post-1079","attachment","type-attachment","status-inherit","hentry","nodate","item-wrap"],"yoast_head":"<!-- This site is optimized with the Yoast SEO plugin v26.6 - https:\/\/yoast.com\/wordpress\/plugins\/seo\/ -->\n<title>De la beaut\u00e9 dans le juda\u00efsme - 221017 - Synagogue ACJBB Boulogne Sud<\/title>\n<meta name=\"robots\" content=\"index, follow, max-snippet:-1, max-image-preview:large, max-video-preview:-1\" \/>\n<link rel=\"canonical\" href=\"https:\/\/acjbb-sud.org\/wp-content\/uploads\/2017\/10\/De-la-beaut\u00e9-dans-le-juda\u00efsme-221017.jpg\" \/>\n<meta property=\"og:locale\" content=\"fr_FR\" \/>\n<meta property=\"og:type\" content=\"article\" \/>\n<meta property=\"og:title\" content=\"De la beaut\u00e9 dans le juda\u00efsme - 221017 - Synagogue ACJBB Boulogne Sud\" \/>\n<meta property=\"og:url\" content=\"https:\/\/acjbb-sud.org\/wp-content\/uploads\/2017\/10\/De-la-beaut\u00e9-dans-le-juda\u00efsme-221017.jpg\" \/>\n<meta property=\"og:site_name\" content=\"Synagogue ACJBB Boulogne Sud\" \/>\n<meta property=\"article:modified_time\" content=\"2017-10-03T10:21:48+00:00\" \/>\n<meta property=\"og:image\" content=\"https:\/\/acjbb-sud.org\/wp-content\/uploads\/2017\/10\/De-la-beaut\u00e9-dans-le-juda\u00efsme-221017.jpg\" \/>\n\t<meta property=\"og:image:width\" content=\"800\" \/>\n\t<meta property=\"og:image:height\" content=\"450\" \/>\n\t<meta property=\"og:image:type\" content=\"image\/jpeg\" \/>\n<meta name=\"twitter:card\" content=\"summary_large_image\" \/>\n<script type=\"application\/ld+json\" class=\"yoast-schema-graph\">{\"@context\":\"https:\/\/schema.org\",\"@graph\":[{\"@type\":\"WebPage\",\"@id\":\"https:\/\/acjbb-sud.org\/wp-content\/uploads\/2017\/10\/De-la-beaut\u00e9-dans-le-juda\u00efsme-221017.jpg\",\"url\":\"https:\/\/acjbb-sud.org\/wp-content\/uploads\/2017\/10\/De-la-beaut\u00e9-dans-le-juda\u00efsme-221017.jpg\",\"name\":\"De la beaut\u00e9 dans le juda\u00efsme - 221017 - Synagogue ACJBB Boulogne Sud\",\"isPartOf\":{\"@id\":\"https:\/\/acjbb-sud.org\/#website\"},\"datePublished\":\"2017-10-03T10:19:30+00:00\",\"dateModified\":\"2017-10-03T10:21:48+00:00\",\"breadcrumb\":{\"@id\":\"https:\/\/acjbb-sud.org\/wp-content\/uploads\/2017\/10\/De-la-beaut\u00e9-dans-le-juda\u00efsme-221017.jpg#breadcrumb\"},\"inLanguage\":\"fr-FR\",\"potentialAction\":[{\"@type\":\"ReadAction\",\"target\":[\"https:\/\/acjbb-sud.org\/wp-content\/uploads\/2017\/10\/De-la-beaut\u00e9-dans-le-juda\u00efsme-221017.jpg\"]}]},{\"@type\":\"BreadcrumbList\",\"@id\":\"https:\/\/acjbb-sud.org\/wp-content\/uploads\/2017\/10\/De-la-beaut\u00e9-dans-le-juda\u00efsme-221017.jpg#breadcrumb\",\"itemListElement\":[{\"@type\":\"ListItem\",\"position\":1,\"name\":\"Accueil\",\"item\":\"https:\/\/acjbb-sud.org\/\"},{\"@type\":\"ListItem\",\"position\":2,\"name\":\"Conf\u00e9rence du Grand Rabbin de France Haim Korsia : \u00ab\u00a0De la beaut\u00e9 dans le juda\u00efsme\u00a0\u00bb\",\"item\":\"https:\/\/acjbb-sud.org\/index.php\/2017\/10\/15\/conference-grand-rabbin-france-haim-korsia-beaute-judaisme\/\"},{\"@type\":\"ListItem\",\"position\":3,\"name\":\"De la beaut\u00e9 dans le juda\u00efsme &#8211; 221017\"}]},{\"@type\":\"WebSite\",\"@id\":\"https:\/\/acjbb-sud.org\/#website\",\"url\":\"https:\/\/acjbb-sud.org\/\",\"name\":\"Synagogue ACJBB Boulogne Sud\",\"description\":\"Synagogue \/ Association Communautaire Juive de Boulogne Billancourt (Sud)\",\"potentialAction\":[{\"@type\":\"SearchAction\",\"target\":{\"@type\":\"EntryPoint\",\"urlTemplate\":\"https:\/\/acjbb-sud.org\/?s={search_term_string}\"},\"query-input\":{\"@type\":\"PropertyValueSpecification\",\"valueRequired\":true,\"valueName\":\"search_term_string\"}}],\"inLanguage\":\"fr-FR\"}]}<\/script>\n<!-- \/ Yoast SEO plugin. -->","yoast_head_json":{"title":"De la beaut\u00e9 dans le juda\u00efsme - 221017 - Synagogue ACJBB Boulogne Sud","robots":{"index":"index","follow":"follow","max-snippet":"max-snippet:-1","max-image-preview":"max-image-preview:large","max-video-preview":"max-video-preview:-1"},"canonical":"https:\/\/acjbb-sud.org\/wp-content\/uploads\/2017\/10\/De-la-beaut\u00e9-dans-le-juda\u00efsme-221017.jpg","og_locale":"fr_FR","og_type":"article","og_title":"De la beaut\u00e9 dans le juda\u00efsme - 221017 - Synagogue ACJBB Boulogne Sud","og_url":"https:\/\/acjbb-sud.org\/wp-content\/uploads\/2017\/10\/De-la-beaut\u00e9-dans-le-juda\u00efsme-221017.jpg","og_site_name":"Synagogue ACJBB Boulogne Sud","article_modified_time":"2017-10-03T10:21:48+00:00","og_image":[{"width":800,"height":450,"url":"https:\/\/acjbb-sud.org\/wp-content\/uploads\/2017\/10\/De-la-beaut\u00e9-dans-le-juda\u00efsme-221017.jpg","type":"image\/jpeg"}],"twitter_card":"summary_large_image","schema":{"@context":"https:\/\/schema.org","@graph":[{"@type":"WebPage","@id":"https:\/\/acjbb-sud.org\/wp-content\/uploads\/2017\/10\/De-la-beaut\u00e9-dans-le-juda\u00efsme-221017.jpg","url":"https:\/\/acjbb-sud.org\/wp-content\/uploads\/2017\/10\/De-la-beaut\u00e9-dans-le-juda\u00efsme-221017.jpg","name":"De la beaut\u00e9 dans le juda\u00efsme - 221017 - Synagogue ACJBB Boulogne Sud","isPartOf":{"@id":"https:\/\/acjbb-sud.org\/#website"},"datePublished":"2017-10-03T10:19:30+00:00","dateModified":"2017-10-03T10:21:48+00:00","breadcrumb":{"@id":"https:\/\/acjbb-sud.org\/wp-content\/uploads\/2017\/10\/De-la-beaut\u00e9-dans-le-juda\u00efsme-221017.jpg#breadcrumb"},"inLanguage":"fr-FR","potentialAction":[{"@type":"ReadAction","target":["https:\/\/acjbb-sud.org\/wp-content\/uploads\/2017\/10\/De-la-beaut\u00e9-dans-le-juda\u00efsme-221017.jpg"]}]},{"@type":"BreadcrumbList","@id":"https:\/\/acjbb-sud.org\/wp-content\/uploads\/2017\/10\/De-la-beaut\u00e9-dans-le-juda\u00efsme-221017.jpg#breadcrumb","itemListElement":[{"@type":"ListItem","position":1,"name":"Accueil","item":"https:\/\/acjbb-sud.org\/"},{"@type":"ListItem","position":2,"name":"Conf\u00e9rence du Grand Rabbin de France Haim Korsia : \u00ab\u00a0De la beaut\u00e9 dans le juda\u00efsme\u00a0\u00bb","item":"https:\/\/acjbb-sud.org\/index.php\/2017\/10\/15\/conference-grand-rabbin-france-haim-korsia-beaute-judaisme\/"},{"@type":"ListItem","position":3,"name":"De la beaut\u00e9 dans le juda\u00efsme &#8211; 221017"}]},{"@type":"WebSite","@id":"https:\/\/acjbb-sud.org\/#website","url":"https:\/\/acjbb-sud.org\/","name":"Synagogue ACJBB Boulogne Sud","description":"Synagogue \/ Association Communautaire Juive de Boulogne Billancourt (Sud)","potentialAction":[{"@type":"SearchAction","target":{"@type":"EntryPoint","urlTemplate":"https:\/\/acjbb-sud.org\/?s={search_term_string}"},"query-input":{"@type":"PropertyValueSpecification","valueRequired":true,"valueName":"search_term_string"}}],"inLanguage":"fr-FR"}]}},"jetpack_sharing_enabled":true,"jetpack_shortlink":"https:\/\/wp.me\/a7sjOI-hp","jetpack_likes_enabled":true,"description":{"rendered":"<p class=\"attachment\"><a href='https:\/\/acjbb-sud.org\/wp-content\/uploads\/2017\/10\/De-la-beaut\u00e9-dans-le-juda\u00efsme-221017.jpg'><img loading=\"lazy\" decoding=\"async\" width=\"300\" height=\"169\" src=\"https:\/\/acjbb-sud.org\/wp-content\/uploads\/2017\/10\/De-la-beaut\u00e9-dans-le-juda\u00efsme-221017-300x169.jpg\" class=\"attachment-medium size-medium\" alt=\"\" srcset=\"https:\/\/acjbb-sud.org\/wp-content\/uploads\/2017\/10\/De-la-beaut\u00e9-dans-le-juda\u00efsme-221017-300x169.jpg 300w, https:\/\/acjbb-sud.org\/wp-content\/uploads\/2017\/10\/De-la-beaut\u00e9-dans-le-juda\u00efsme-221017-768x432.jpg 768w, https:\/\/acjbb-sud.org\/wp-content\/uploads\/2017\/10\/De-la-beaut\u00e9-dans-le-juda\u00efsme-221017-500x281.jpg 500w, https:\/\/acjbb-sud.org\/wp-content\/uploads\/2017\/10\/De-la-beaut\u00e9-dans-le-juda\u00efsme-221017.jpg 800w\" sizes=\"auto, (max-width: 300px) 100vw, 300px\" \/><\/a><\/p>\n"},"caption":{"rendered":""},"alt_text":"","media_type":"image","mime_type":"image\/jpeg","media_details":{"width":800,"height":450,"file":"2017\/10\/De-la-beaut\u00e9-dans-le-juda\u00efsme-221017.jpg","sizes":{"thumbnail":{"file":"De-la-beaut\u00e9-dans-le-juda\u00efsme-221017-150x150.jpg","width":150,"height":150,"mime_type":"image\/jpeg","source_url":"https:\/\/acjbb-sud.org\/wp-content\/uploads\/2017\/10\/De-la-beaut\u00e9-dans-le-juda\u00efsme-221017-150x150.jpg"},"medium":{"file":"De-la-beaut\u00e9-dans-le-juda\u00efsme-221017-300x169.jpg","width":300,"height":169,"mime_type":"image\/jpeg","source_url":"https:\/\/acjbb-sud.org\/wp-content\/uploads\/2017\/10\/De-la-beaut\u00e9-dans-le-juda\u00efsme-221017-300x169.jpg"},"medium_large":{"file":"De-la-beaut\u00e9-dans-le-juda\u00efsme-221017-768x432.jpg","width":768,"height":432,"mime_type":"image\/jpeg","source_url":"https:\/\/acjbb-sud.org\/wp-content\/uploads\/2017\/10\/De-la-beaut\u00e9-dans-le-juda\u00efsme-221017-768x432.jpg"},"post-thumbnail":{"file":"De-la-beaut\u00e9-dans-le-juda\u00efsme-221017-800x288.jpg","width":800,"height":288,"mime_type":"image\/jpeg","source_url":"https:\/\/acjbb-sud.org\/wp-content\/uploads\/2017\/10\/De-la-beaut\u00e9-dans-le-juda\u00efsme-221017-800x288.jpg"},"large-feature":{"file":"De-la-beaut\u00e9-dans-le-juda\u00efsme-221017-800x288.jpg","width":800,"height":288,"mime_type":"image\/jpeg","source_url":"https:\/\/acjbb-sud.org\/wp-content\/uploads\/2017\/10\/De-la-beaut\u00e9-dans-le-juda\u00efsme-221017-800x288.jpg"},"small-feature":{"file":"De-la-beaut\u00e9-dans-le-juda\u00efsme-221017-500x281.jpg","width":500,"height":281,"mime_type":"image\/jpeg","source_url":"https:\/\/acjbb-sud.org\/wp-content\/uploads\/2017\/10\/De-la-beaut\u00e9-dans-le-juda\u00efsme-221017-500x281.jpg"},"full":{"file":"De-la-beaut\u00e9-dans-le-juda\u00efsme-221017.jpg","width":800,"height":450,"mime_type":"image\/jpeg","source_url":"https:\/\/acjbb-sud.org\/wp-content\/uploads\/2017\/10\/De-la-beaut\u00e9-dans-le-juda\u00efsme-221017.jpg"}},"image_meta":{"aperture":"0","credit":"","camera":"","caption":"","created_timestamp":"0","copyright":"","focal_length":"0","iso":"0","shutter_speed":"0","title":"","orientation":"0","keywords":[]}},"post":1080,"source_url":"https:\/\/acjbb-sud.org\/wp-content\/uploads\/2017\/10\/De-la-beaut\u00e9-dans-le-juda\u00efsme-221017.jpg","_links":{"self":[{"href":"https:\/\/acjbb-sud.org\/index.php\/wp-json\/wp\/v2\/media\/1079","targetHints":{"allow":["GET"]}}],"collection":[{"href":"https:\/\/acjbb-sud.org\/index.php\/wp-json\/wp\/v2\/media"}],"about":[{"href":"https:\/\/acjbb-sud.org\/index.php\/wp-json\/wp\/v2\/types\/attachment"}],"author":[{"embeddable":true,"href":"https:\/\/acjbb-sud.org\/index.php\/wp-json\/wp\/v2\/users\/1"}],"replies":[{"embeddable":true,"href":"https:\/\/acjbb-sud.org\/index.php\/wp-json\/wp\/v2\/comments?post=1079"}],"wp:attached-to":[{"embeddable":true,"post_type":"post","id":1080,"href":"https:\/\/acjbb-sud.org\/index.php\/wp-json\/wp\/v2\/posts\/1080"}],"curies":[{"name":"wp","href":"https:\/\/api.w.org\/{rel}","templated":true}]}}

http://acjbb-sud.org/wp-content/uploads/2017/10/De-la-beauté-dans-le-judaïsme-221017.jpg

De la beauté dans le judaïsme &#8211; 221017

<!-- This site is optimized with the Yoast SEO plugin v26.6 - https://yoast.com/wordpress/plugins/seo/ -->
<title>De la beauté dans le judaïsme - 221017 - Synagogue ACJBB Boulogne Sud</title>
<meta name="robots" content="index, follow, max-snippet:-1, max-image-preview:large, max-video-preview:-1" />
<link rel="canonical" href="https://acjbb-sud.org/wp-content/uploads/2017/10/De-la-beauté-dans-le-judaïsme-221017.jpg" />
<meta property="og:locale" content="fr_FR" />
<meta property="og:type" content="article" />
<meta property="og:title" content="De la beauté dans le judaïsme - 221017 - Synagogue ACJBB Boulogne Sud" />
<meta property="og:url" content="https://acjbb-sud.org/wp-content/uploads/2017/10/De-la-beauté-dans-le-judaïsme-221017.jpg" />
<meta property="og:site_name" content="Synagogue ACJBB Boulogne Sud" />
<meta property="article:modified_time" content="2017-10-03T10:21:48+00:00" />
<meta property="og:image" content="https://acjbb-sud.org/wp-content/uploads/2017/10/De-la-beauté-dans-le-judaïsme-221017.jpg" />
	<meta property="og:image:width" content="800" />
	<meta property="og:image:height" content="450" />
	<meta property="og:image:type" content="image/jpeg" />
<meta name="twitter:card" content="summary_large_image" />
<script type="application/ld+json" class="yoast-schema-graph">{"@context":"https://schema.org","@graph":[{"@type":"WebPage","@id":"https://acjbb-sud.org/wp-content/uploads/2017/10/De-la-beauté-dans-le-judaïsme-221017.jpg","url":"https://acjbb-sud.org/wp-content/uploads/2017/10/De-la-beauté-dans-le-judaïsme-221017.jpg","name":"De la beauté dans le judaïsme - 221017 - Synagogue ACJBB Boulogne Sud","isPartOf":{"@id":"https://acjbb-sud.org/#website"},"datePublished":"2017-10-03T10:19:30+00:00","dateModified":"2017-10-03T10:21:48+00:00","breadcrumb":{"@id":"https://acjbb-sud.org/wp-content/uploads/2017/10/De-la-beauté-dans-le-judaïsme-221017.jpg#breadcrumb"},"inLanguage":"fr-FR","potentialAction":[{"@type":"ReadAction","target":["https://acjbb-sud.org/wp-content/uploads/2017/10/De-la-beauté-dans-le-judaïsme-221017.jpg"]}]},{"@type":"BreadcrumbList","@id":"https://acjbb-sud.org/wp-content/uploads/2017/10/De-la-beauté-dans-le-judaïsme-221017.jpg#breadcrumb","itemListElement":[{"@type":"ListItem","position":1,"name":"Accueil","item":"https://acjbb-sud.org/"},{"@type":"ListItem","position":2,"name":"Conférence du Grand Rabbin de France Haim Korsia : « De la beauté dans le judaïsme »","item":"https://acjbb-sud.org/index.php/2017/10/15/conference-grand-rabbin-france-haim-korsia-beaute-judaisme/"},{"@type":"ListItem","position":3,"name":"De la beauté dans le judaïsme &#8211; 221017"}]},{"@type":"WebSite","@id":"https://acjbb-sud.org/#website","url":"https://acjbb-sud.org/","name":"Synagogue ACJBB Boulogne Sud","description":"Synagogue / Association Communautaire Juive de Boulogne Billancourt (Sud)","potentialAction":[{"@type":"SearchAction","target":{"@type":"EntryPoint","urlTemplate":"https://acjbb-sud.org/?s={search_term_string}"},"query-input":{"@type":"PropertyValueSpecification","valueRequired":true,"valueName":"search_term_string"}}],"inLanguage":"fr-FR"}]}</script>
<!-- / Yoast SEO plugin. -->

De la beauté dans le judaïsme - 221017 - Synagogue ACJBB Boulogne Sud

https://acjbb-sud.org/wp-content/uploads/2017/10/De-la-beauté-dans-le-judaïsme-221017.jpg

https://acjbb-sud.org/wp-content/uploads/2017/10/De-la-beauté-dans-le-judaïsme-221017.jpg#breadcrumb

Conférence du Grand Rabbin de France Haim Korsia : « De la beauté dans le judaïsme »

<p class="attachment"><a href='https://acjbb-sud.org/wp-content/uploads/2017/10/De-la-beauté-dans-le-judaïsme-221017.jpg'><img loading="lazy" decoding="async" width="300" height="169" src="https://acjbb-sud.org/wp-content/uploads/2017/10/De-la-beauté-dans-le-judaïsme-221017-300x169.jpg" class="attachment-medium size-medium" alt="" srcset="https://acjbb-sud.org/wp-content/uploads/2017/10/De-la-beauté-dans-le-judaïsme-221017-300x169.jpg 300w, https://acjbb-sud.org/wp-content/uploads/2017/10/De-la-beauté-dans-le-judaïsme-221017-768x432.jpg 768w, https://acjbb-sud.org/wp-content/uploads/2017/10/De-la-beauté-dans-le-judaïsme-221017-500x281.jpg 500w, https://acjbb-sud.org/wp-content/uploads/2017/10/De-la-beauté-dans-le-judaïsme-221017.jpg 800w" sizes="auto, (max-width: 300px) 100vw, 300px" /></a></p>

2017/10/De-la-beauté-dans-le-judaïsme-221017.jpg

De-la-beauté-dans-le-judaïsme-221017-150x150.jpg

https://acjbb-sud.org/wp-content/uploads/2017/10/De-la-beauté-dans-le-judaïsme-221017-150x150.jpg

De-la-beauté-dans-le-judaïsme-221017-300x169.jpg

https://acjbb-sud.org/wp-content/uploads/2017/10/De-la-beauté-dans-le-judaïsme-221017-300x169.jpg

De-la-beauté-dans-le-judaïsme-221017-768x432.jpg

https://acjbb-sud.org/wp-content/uploads/2017/10/De-la-beauté-dans-le-judaïsme-221017-768x432.jpg

De-la-beauté-dans-le-judaïsme-221017-800x288.jpg

https://acjbb-sud.org/wp-content/uploads/2017/10/De-la-beauté-dans-le-judaïsme-221017-800x288.jpg

De-la-beauté-dans-le-judaïsme-221017-500x281.jpg

https://acjbb-sud.org/wp-content/uploads/2017/10/De-la-beauté-dans-le-judaïsme-221017-500x281.jpg

De-la-beauté-dans-le-judaïsme-221017.jpg
