{"id":3404,"date":"2020-02-07T10:31:01","date_gmt":"2020-02-07T09:31:01","guid":{"rendered":"https:\/\/acjbb-sud.org\/?page_id=3404"},"modified":"2020-02-07T10:31:01","modified_gmt":"2020-02-07T09:31:01","slug":"etude-limoud","status":"publish","type":"page","link":"https:\/\/acjbb-sud.org\/index.php\/etude-limoud\/","title":{"rendered":"\u00c9tude \/ Limoud"},"content":{"rendered":"<p>Plusieurs cours sont organis\u00e9s \u00e0 Boulogne pour permettre au plus grand nombre de pouvoir \u00e9tudier en fonction des disponibilit\u00e9s et du niveau de chacun.<\/p>\n<p>Le <strong>lundi soir \u00e0 20h00<\/strong>, Le <strong>Rabbin Didier KASSABI<\/strong> donne un cours de Gu\u00e9mara pr\u00e9c\u00e9d\u00e9 d&rsquo;un Dvar Torah sur la Paracha \u00e0 la <strong>Synagogue de Boulogne<\/strong>, 43 rue des abondances. Retrouvez tous les cours sur <a href=\"https:\/\/acjbb-sud.org\/index.php\/cours-du-rabbin-kassabi\/\" target=\"_blank\" rel=\"noopener noreferrer\">cette page<\/a>.<\/p>\n<p>Le <strong>mercredi soir de 20h00<\/strong>, le <strong>Rabbin Didier KASSABI<\/strong> donne un cours de Gu\u00e9mara chaque \u00e0 la <strong>Synagogue de Boulogne<\/strong>. Vous pouvez maintenant retrouver les cours de Gu\u00e9mara du Rabbin Didier KASSABI en vid\u00e9o sur <a href=\"https:\/\/synaboulogne.com\/beth-hamidrach\/cours-mercredi-soir-rabbin-didier-kassabi\/\" target=\"_blank\" rel=\"noreferrer noopener\" aria-label=\"cette page (s\u2019ouvre dans un nouvel onglet)\">cette page<\/a> ou directement sur <a href=\"https:\/\/www.youtube.com\/channel\/UCdUeP7BHtGdeM1JCTmMQdxw\/videos\">YouTube<\/a>.<\/p>\n<p>Le <strong>mercredi soir \u00e0 21h30<\/strong>, le <strong>Rav Mikael MOUYAL<\/strong> donne un cours de Gu\u00e9mara sur le trait\u00e9 de Baba Metsia \u00e0 l&rsquo;<strong>ACJBB Sud<\/strong>, 134 bis rue du Point du Jour.<\/p>\n<p>Vous pouvez \u00e9galement consulter tous les cours sur la page <a href=\"https:\/\/synaboulogne.com\/beth-hamidrach\/\" target=\"_blank\" rel=\"noopener noreferrer\"><strong>Beth Hamidrach<\/strong><\/a> de la Synagogue afin de trouver ce qui vous convient.<\/p>\n","protected":false},"excerpt":{"rendered":"<p>Plusieurs cours sont organis\u00e9s \u00e0 Boulogne pour permettre au plus grand nombre de pouvoir \u00e9tudier en fonction des disponibilit\u00e9s et du niveau de chacun. Le lundi soir \u00e0 20h00, Le Rabbin Didier KASSABI donne un cours de Gu\u00e9mara pr\u00e9c\u00e9d\u00e9 d&rsquo;un Dvar Torah sur la Paracha \u00e0 la Synagogue de Boulogne, 43 rue des abondances. Retrouvez &hellip; <\/p>\n<p><a class=\"more-link btn\" href=\"https:\/\/acjbb-sud.org\/index.php\/etude-limoud\/\">Lire la suite<\/a><\/p>\n","protected":false},"author":1,"featured_media":0,"parent":0,"menu_order":0,"comment_status":"closed","ping_status":"closed","template":"","meta":{"jetpack_post_was_ever_published":false,"footnotes":""},"class_list":["post-3404","page","type-page","status-publish","hentry","nodate","item-wrap"],"yoast_head":"<!-- This site is optimized with the Yoast SEO plugin v26.6 - https:\/\/yoast.com\/wordpress\/plugins\/seo\/ -->\n<title>\u00c9tude \/ Limoud - Synagogue ACJBB Boulogne Sud<\/title>\n<meta name=\"robots\" content=\"index, follow, max-snippet:-1, max-image-preview:large, max-video-preview:-1\" \/>\n<link rel=\"canonical\" href=\"https:\/\/acjbb-sud.org\/index.php\/etude-limoud\/\" \/>\n<meta property=\"og:locale\" content=\"fr_FR\" \/>\n<meta property=\"og:type\" content=\"article\" \/>\n<meta property=\"og:title\" content=\"\u00c9tude \/ Limoud - Synagogue ACJBB Boulogne Sud\" \/>\n<meta property=\"og:description\" content=\"Plusieurs cours sont organis\u00e9s \u00e0 Boulogne pour permettre au plus grand nombre de pouvoir \u00e9tudier en fonction des disponibilit\u00e9s et du niveau de chacun. Le lundi soir \u00e0 20h00, Le Rabbin Didier KASSABI donne un cours de Gu\u00e9mara pr\u00e9c\u00e9d\u00e9 d&rsquo;un Dvar Torah sur la Paracha \u00e0 la Synagogue de Boulogne, 43 rue des abondances. Retrouvez &hellip; Lire la suite\" \/>\n<meta property=\"og:url\" content=\"https:\/\/acjbb-sud.org\/index.php\/etude-limoud\/\" \/>\n<meta property=\"og:site_name\" content=\"Synagogue ACJBB Boulogne Sud\" \/>\n<meta name=\"twitter:card\" content=\"summary_large_image\" \/>\n<meta name=\"twitter:label1\" content=\"Dur\u00e9e de lecture estim\u00e9e\" \/>\n\t<meta name=\"twitter:data1\" content=\"1 minute\" \/>\n<script type=\"application\/ld+json\" class=\"yoast-schema-graph\">{\"@context\":\"https:\/\/schema.org\",\"@graph\":[{\"@type\":\"WebPage\",\"@id\":\"https:\/\/acjbb-sud.org\/index.php\/etude-limoud\/\",\"url\":\"https:\/\/acjbb-sud.org\/index.php\/etude-limoud\/\",\"name\":\"\u00c9tude \/ Limoud - Synagogue ACJBB Boulogne Sud\",\"isPartOf\":{\"@id\":\"https:\/\/acjbb-sud.org\/#website\"},\"datePublished\":\"2020-02-07T09:31:01+00:00\",\"breadcrumb\":{\"@id\":\"https:\/\/acjbb-sud.org\/index.php\/etude-limoud\/#breadcrumb\"},\"inLanguage\":\"fr-FR\",\"potentialAction\":[{\"@type\":\"ReadAction\",\"target\":[\"https:\/\/acjbb-sud.org\/index.php\/etude-limoud\/\"]}]},{\"@type\":\"BreadcrumbList\",\"@id\":\"https:\/\/acjbb-sud.org\/index.php\/etude-limoud\/#breadcrumb\",\"itemListElement\":[{\"@type\":\"ListItem\",\"position\":1,\"name\":\"Accueil\",\"item\":\"https:\/\/acjbb-sud.org\/\"},{\"@type\":\"ListItem\",\"position\":2,\"name\":\"\u00c9tude \/ Limoud\"}]},{\"@type\":\"WebSite\",\"@id\":\"https:\/\/acjbb-sud.org\/#website\",\"url\":\"https:\/\/acjbb-sud.org\/\",\"name\":\"Synagogue ACJBB Boulogne Sud\",\"description\":\"Synagogue \/ Association Communautaire Juive de Boulogne Billancourt (Sud)\",\"potentialAction\":[{\"@type\":\"SearchAction\",\"target\":{\"@type\":\"EntryPoint\",\"urlTemplate\":\"https:\/\/acjbb-sud.org\/?s={search_term_string}\"},\"query-input\":{\"@type\":\"PropertyValueSpecification\",\"valueRequired\":true,\"valueName\":\"search_term_string\"}}],\"inLanguage\":\"fr-FR\"}]}<\/script>\n<!-- \/ Yoast SEO plugin. -->","yoast_head_json":{"title":"\u00c9tude \/ Limoud - Synagogue ACJBB Boulogne Sud","robots":{"index":"index","follow":"follow","max-snippet":"max-snippet:-1","max-image-preview":"max-image-preview:large","max-video-preview":"max-video-preview:-1"},"canonical":"https:\/\/acjbb-sud.org\/index.php\/etude-limoud\/","og_locale":"fr_FR","og_type":"article","og_title":"\u00c9tude \/ Limoud - Synagogue ACJBB Boulogne Sud","og_description":"Plusieurs cours sont organis\u00e9s \u00e0 Boulogne pour permettre au plus grand nombre de pouvoir \u00e9tudier en fonction des disponibilit\u00e9s et du niveau de chacun. Le lundi soir \u00e0 20h00, Le Rabbin Didier KASSABI donne un cours de Gu\u00e9mara pr\u00e9c\u00e9d\u00e9 d&rsquo;un Dvar Torah sur la Paracha \u00e0 la Synagogue de Boulogne, 43 rue des abondances. Retrouvez &hellip; Lire la suite","og_url":"https:\/\/acjbb-sud.org\/index.php\/etude-limoud\/","og_site_name":"Synagogue ACJBB Boulogne Sud","twitter_card":"summary_large_image","twitter_misc":{"Dur\u00e9e de lecture estim\u00e9e":"1 minute"},"schema":{"@context":"https:\/\/schema.org","@graph":[{"@type":"WebPage","@id":"https:\/\/acjbb-sud.org\/index.php\/etude-limoud\/","url":"https:\/\/acjbb-sud.org\/index.php\/etude-limoud\/","name":"\u00c9tude \/ Limoud - Synagogue ACJBB Boulogne Sud","isPartOf":{"@id":"https:\/\/acjbb-sud.org\/#website"},"datePublished":"2020-02-07T09:31:01+00:00","breadcrumb":{"@id":"https:\/\/acjbb-sud.org\/index.php\/etude-limoud\/#breadcrumb"},"inLanguage":"fr-FR","potentialAction":[{"@type":"ReadAction","target":["https:\/\/acjbb-sud.org\/index.php\/etude-limoud\/"]}]},{"@type":"BreadcrumbList","@id":"https:\/\/acjbb-sud.org\/index.php\/etude-limoud\/#breadcrumb","itemListElement":[{"@type":"ListItem","position":1,"name":"Accueil","item":"https:\/\/acjbb-sud.org\/"},{"@type":"ListItem","position":2,"name":"\u00c9tude \/ Limoud"}]},{"@type":"WebSite","@id":"https:\/\/acjbb-sud.org\/#website","url":"https:\/\/acjbb-sud.org\/","name":"Synagogue ACJBB Boulogne Sud","description":"Synagogue \/ Association Communautaire Juive de Boulogne Billancourt (Sud)","potentialAction":[{"@type":"SearchAction","target":{"@type":"EntryPoint","urlTemplate":"https:\/\/acjbb-sud.org\/?s={search_term_string}"},"query-input":{"@type":"PropertyValueSpecification","valueRequired":true,"valueName":"search_term_string"}}],"inLanguage":"fr-FR"}]}},"jetpack_sharing_enabled":true,"jetpack_shortlink":"https:\/\/wp.me\/P7sjOI-SU","jetpack_likes_enabled":true,"_links":{"self":[{"href":"https:\/\/acjbb-sud.org\/index.php\/wp-json\/wp\/v2\/pages\/3404","targetHints":{"allow":["GET"]}}],"collection":[{"href":"https:\/\/acjbb-sud.org\/index.php\/wp-json\/wp\/v2\/pages"}],"about":[{"href":"https:\/\/acjbb-sud.org\/index.php\/wp-json\/wp\/v2\/types\/page"}],"author":[{"embeddable":true,"href":"https:\/\/acjbb-sud.org\/index.php\/wp-json\/wp\/v2\/users\/1"}],"replies":[{"embeddable":true,"href":"https:\/\/acjbb-sud.org\/index.php\/wp-json\/wp\/v2\/comments?post=3404"}],"version-history":[{"count":0,"href":"https:\/\/acjbb-sud.org\/index.php\/wp-json\/wp\/v2\/pages\/3404\/revisions"}],"wp:attachment":[{"href":"https:\/\/acjbb-sud.org\/index.php\/wp-json\/wp\/v2\/media?parent=3404"}],"curies":[{"name":"wp","href":"https:\/\/api.w.org\/{rel}","templated":true}]}}