{"id":4855,"date":"2021-10-17T11:28:07","date_gmt":"2021-10-17T09:28:07","guid":{"rendered":"https:\/\/acjbb-sud.org\/?page_id=4855"},"modified":"2023-05-31T09:37:35","modified_gmt":"2023-05-31T07:37:35","slug":"horaires-offices","status":"publish","type":"page","link":"https:\/\/acjbb-sud.org\/index.php\/horaires-offices\/","title":{"rendered":"Les horaires des offices"},"content":{"rendered":"\n<h3 class=\"wp-block-heading\">Les horaires de la semaine<\/h3>\n\n\n\n<h4 class=\"wp-block-heading\">dimanche (et jours f\u00e9ri\u00e9s) :<\/h4>\n\n\n\n<p><strong>07h15<\/strong> : Cours sur le <strong>M\u00e9ssilat Y\u00e9charim<\/strong> par le <strong>Rav Mikael MOUYAL<\/strong><br><strong>08h00<\/strong> : Cha&rsquo;harit <br><strong>19h45<\/strong> : Min&rsquo;ha, suivi de Arvit<\/p>\n\n\n\n<h4 class=\"wp-block-heading\">du lundi au vendredi :<\/h4>\n\n\n\n<p><strong>07h00<\/strong> : Cha&rsquo;harit<br><strong>19h45<\/strong> : Min&rsquo;ha suivi de Arvit (sauf vendredi)<\/p>\n","protected":false},"excerpt":{"rendered":"<p>Les horaires de la semaine dimanche (et jours f\u00e9ri\u00e9s) : 07h15 : Cours sur le M\u00e9ssilat Y\u00e9charim par le Rav Mikael MOUYAL08h00 : Cha&rsquo;harit 19h45 : Min&rsquo;ha, suivi de Arvit du lundi au vendredi : 07h00 : Cha&rsquo;harit19h45 : Min&rsquo;ha suivi de Arvit (sauf vendredi)<\/p>\n","protected":false},"author":1,"featured_media":0,"parent":0,"menu_order":0,"comment_status":"closed","ping_status":"closed","template":"","meta":{"jetpack_post_was_ever_published":false,"footnotes":""},"class_list":["post-4855","page","type-page","status-publish","hentry","nodate","item-wrap"],"yoast_head":"<!-- This site is optimized with the Yoast SEO plugin v26.6 - https:\/\/yoast.com\/wordpress\/plugins\/seo\/ -->\n<title>Les horaires des offices - Synagogue ACJBB Boulogne Sud<\/title>\n<meta name=\"robots\" content=\"index, follow, max-snippet:-1, max-image-preview:large, max-video-preview:-1\" \/>\n<link rel=\"canonical\" href=\"https:\/\/acjbb-sud.org\/index.php\/horaires-offices\/\" \/>\n<meta property=\"og:locale\" content=\"fr_FR\" \/>\n<meta property=\"og:type\" content=\"article\" \/>\n<meta property=\"og:title\" content=\"Les horaires des offices - Synagogue ACJBB Boulogne Sud\" \/>\n<meta property=\"og:description\" content=\"Les horaires de la semaine dimanche (et jours f\u00e9ri\u00e9s) : 07h15 : Cours sur le M\u00e9ssilat Y\u00e9charim par le Rav Mikael MOUYAL08h00 : Cha&rsquo;harit 19h45 : Min&rsquo;ha, suivi de Arvit du lundi au vendredi : 07h00 : Cha&rsquo;harit19h45 : Min&rsquo;ha suivi de Arvit (sauf vendredi)\" \/>\n<meta property=\"og:url\" content=\"https:\/\/acjbb-sud.org\/index.php\/horaires-offices\/\" \/>\n<meta property=\"og:site_name\" content=\"Synagogue ACJBB Boulogne Sud\" \/>\n<meta property=\"article:modified_time\" content=\"2023-05-31T07:37:35+00:00\" \/>\n<meta name=\"twitter:card\" content=\"summary_large_image\" \/>\n<meta name=\"twitter:label1\" content=\"Dur\u00e9e de lecture estim\u00e9e\" \/>\n\t<meta name=\"twitter:data1\" content=\"1 minute\" \/>\n<script type=\"application\/ld+json\" class=\"yoast-schema-graph\">{\"@context\":\"https:\/\/schema.org\",\"@graph\":[{\"@type\":\"WebPage\",\"@id\":\"https:\/\/acjbb-sud.org\/index.php\/horaires-offices\/\",\"url\":\"https:\/\/acjbb-sud.org\/index.php\/horaires-offices\/\",\"name\":\"Les horaires des offices - Synagogue ACJBB Boulogne Sud\",\"isPartOf\":{\"@id\":\"https:\/\/acjbb-sud.org\/#website\"},\"datePublished\":\"2021-10-17T09:28:07+00:00\",\"dateModified\":\"2023-05-31T07:37:35+00:00\",\"breadcrumb\":{\"@id\":\"https:\/\/acjbb-sud.org\/index.php\/horaires-offices\/#breadcrumb\"},\"inLanguage\":\"fr-FR\",\"potentialAction\":[{\"@type\":\"ReadAction\",\"target\":[\"https:\/\/acjbb-sud.org\/index.php\/horaires-offices\/\"]}]},{\"@type\":\"BreadcrumbList\",\"@id\":\"https:\/\/acjbb-sud.org\/index.php\/horaires-offices\/#breadcrumb\",\"itemListElement\":[{\"@type\":\"ListItem\",\"position\":1,\"name\":\"Accueil\",\"item\":\"https:\/\/acjbb-sud.org\/\"},{\"@type\":\"ListItem\",\"position\":2,\"name\":\"Les horaires des offices\"}]},{\"@type\":\"WebSite\",\"@id\":\"https:\/\/acjbb-sud.org\/#website\",\"url\":\"https:\/\/acjbb-sud.org\/\",\"name\":\"Synagogue ACJBB Boulogne Sud\",\"description\":\"Synagogue \/ Association Communautaire Juive de Boulogne Billancourt (Sud)\",\"potentialAction\":[{\"@type\":\"SearchAction\",\"target\":{\"@type\":\"EntryPoint\",\"urlTemplate\":\"https:\/\/acjbb-sud.org\/?s={search_term_string}\"},\"query-input\":{\"@type\":\"PropertyValueSpecification\",\"valueRequired\":true,\"valueName\":\"search_term_string\"}}],\"inLanguage\":\"fr-FR\"}]}<\/script>\n<!-- \/ Yoast SEO plugin. -->","yoast_head_json":{"title":"Les horaires des offices - Synagogue ACJBB Boulogne Sud","robots":{"index":"index","follow":"follow","max-snippet":"max-snippet:-1","max-image-preview":"max-image-preview:large","max-video-preview":"max-video-preview:-1"},"canonical":"https:\/\/acjbb-sud.org\/index.php\/horaires-offices\/","og_locale":"fr_FR","og_type":"article","og_title":"Les horaires des offices - Synagogue ACJBB Boulogne Sud","og_description":"Les horaires de la semaine dimanche (et jours f\u00e9ri\u00e9s) : 07h15 : Cours sur le M\u00e9ssilat Y\u00e9charim par le Rav Mikael MOUYAL08h00 : Cha&rsquo;harit 19h45 : Min&rsquo;ha, suivi de Arvit du lundi au vendredi : 07h00 : Cha&rsquo;harit19h45 : Min&rsquo;ha suivi de Arvit (sauf vendredi)","og_url":"https:\/\/acjbb-sud.org\/index.php\/horaires-offices\/","og_site_name":"Synagogue ACJBB Boulogne Sud","article_modified_time":"2023-05-31T07:37:35+00:00","twitter_card":"summary_large_image","twitter_misc":{"Dur\u00e9e de lecture estim\u00e9e":"1 minute"},"schema":{"@context":"https:\/\/schema.org","@graph":[{"@type":"WebPage","@id":"https:\/\/acjbb-sud.org\/index.php\/horaires-offices\/","url":"https:\/\/acjbb-sud.org\/index.php\/horaires-offices\/","name":"Les horaires des offices - Synagogue ACJBB Boulogne Sud","isPartOf":{"@id":"https:\/\/acjbb-sud.org\/#website"},"datePublished":"2021-10-17T09:28:07+00:00","dateModified":"2023-05-31T07:37:35+00:00","breadcrumb":{"@id":"https:\/\/acjbb-sud.org\/index.php\/horaires-offices\/#breadcrumb"},"inLanguage":"fr-FR","potentialAction":[{"@type":"ReadAction","target":["https:\/\/acjbb-sud.org\/index.php\/horaires-offices\/"]}]},{"@type":"BreadcrumbList","@id":"https:\/\/acjbb-sud.org\/index.php\/horaires-offices\/#breadcrumb","itemListElement":[{"@type":"ListItem","position":1,"name":"Accueil","item":"https:\/\/acjbb-sud.org\/"},{"@type":"ListItem","position":2,"name":"Les horaires des offices"}]},{"@type":"WebSite","@id":"https:\/\/acjbb-sud.org\/#website","url":"https:\/\/acjbb-sud.org\/","name":"Synagogue ACJBB Boulogne Sud","description":"Synagogue \/ Association Communautaire Juive de Boulogne Billancourt (Sud)","potentialAction":[{"@type":"SearchAction","target":{"@type":"EntryPoint","urlTemplate":"https:\/\/acjbb-sud.org\/?s={search_term_string}"},"query-input":{"@type":"PropertyValueSpecification","valueRequired":true,"valueName":"search_term_string"}}],"inLanguage":"fr-FR"}]}},"jetpack_sharing_enabled":true,"jetpack_shortlink":"https:\/\/wp.me\/P7sjOI-1gj","jetpack_likes_enabled":true,"_links":{"self":[{"href":"https:\/\/acjbb-sud.org\/index.php\/wp-json\/wp\/v2\/pages\/4855","targetHints":{"allow":["GET"]}}],"collection":[{"href":"https:\/\/acjbb-sud.org\/index.php\/wp-json\/wp\/v2\/pages"}],"about":[{"href":"https:\/\/acjbb-sud.org\/index.php\/wp-json\/wp\/v2\/types\/page"}],"author":[{"embeddable":true,"href":"https:\/\/acjbb-sud.org\/index.php\/wp-json\/wp\/v2\/users\/1"}],"replies":[{"embeddable":true,"href":"https:\/\/acjbb-sud.org\/index.php\/wp-json\/wp\/v2\/comments?post=4855"}],"version-history":[{"count":20,"href":"https:\/\/acjbb-sud.org\/index.php\/wp-json\/wp\/v2\/pages\/4855\/revisions"}],"predecessor-version":[{"id":6577,"href":"https:\/\/acjbb-sud.org\/index.php\/wp-json\/wp\/v2\/pages\/4855\/revisions\/6577"}],"wp:attachment":[{"href":"https:\/\/acjbb-sud.org\/index.php\/wp-json\/wp\/v2\/media?parent=4855"}],"curies":[{"name":"wp","href":"https:\/\/api.w.org\/{rel}","templated":true}]}}